 59 + q = 0. Let w = s + 171. What are the prime factors of w?
2, 3, 23
Let o(v) be the first derivative of 8*v**3/3 + 11*v**2/2 - 15*v + 102. What are the prime factors of o(-7)?
2, 3, 5
Suppose -4*n = 18*f - 14*f - 53076, 4*f - 2*n - 53052 = 0. What are the prime factors of f?
5, 7, 379
Suppose -3*s - 40 = -u - 4*u, s = 3*u - 20. Suppose -u*f + 7*f - 106 = 0. Suppose -2*n = -4*r + f + 495, 2*r - 2*n = 276. What are the prime factors of r?
2, 17
What are the prime factors of (21680/16 + -10)*38?
2, 5, 19, 269
Let u = 5673 - 8930. Let a = u + 4655. What are the prime factors of a?
2, 3, 233
Let k(v) = v + 15. Let p be k(-13). Let y(h) = 49*h**3 + h**2 + 3*h - 4. Let s be y(p). Let l = -240 + s. List the prime factors of l.
2, 79
Suppose 0 = -2*y + 2*b + 526, -4*b - 251 = -y - 0*b. Suppose i + y = 2*w, -5*w + 658 = -i - 2. List the prime factors of w.
131
Let x(o) = 2130*o - 1567. What are the prime factors of x(17)?
7, 101
Suppose -4*g - 3*v + 70849 = 0, -v = g + 3*g - 70843. What are the prime factors of g?
2, 5, 7, 11, 23
Suppose 5*b - 6 = -1. Let x be b*(-6)/(-3) + 3*17. Let c = x + -11. List the prime factors of c.
2, 3, 7
Let q be (5332/2)/(-6 - (-98)/14). Let a = -1451 + q. What are the prime factors of a?
3, 5
Let f(o) = 144*o**2 - 2. Let t be f(1). Let a = -93 + t. Suppose -a = -b + 124. What are the prime factors of b?
173
Suppose 172*w + 15*w = 1779866. What are the prime factors of w?
2, 4759
List the prime factors of (1/((-3)/(-568)))/(1270/(-75) + 17).
2, 5, 71
Suppose 3*p - 2 = -5*u - 1, -p - 3*u = 1. Let h(y) = -29 - 3*y + 3*y**2 + 4 - y**p. What are the prime factors of h(-6)?
5, 13
Let f(v) = v**2 + v - 37. Let a be f(-7). Suppose -15 = a*p - 3*g - 7, 4*g = 5*p + 9. Let l(w) = -38*w - 2. What are the prime factors of l(p)?
2, 3
Let l be 7/(77/11) + 1*2. What are the prime factors of (-10)/((-30)/963) - l/(-1)?
2, 3
List the prime factors of (12/(-5))/(-14 - 12811700/(-915125)).
2, 3, 7321
Let g(s) = 3*s + 25. Let u be (-212)/(-10) - (-1)/(-5). Let t be g(u). Let x = t - 51. What are the prime factors of x?
37
Let c = -326 + 608. Suppose -y + 5*x = -c, 6*y - 9*y + 832 = -x. List the prime factors of y.
277
Let a(h) = 1 + 7*h - h**2 + 4 + 4*h**2. Let g(z) = -z**3 + 2*z**2 + 14*z - 2. Let y be g(5). List the prime factors of a(y).
103
Let l = 606 - -1406. Suppose -4*p = 2*j - l, j - 737 - 269 = 5*p. List the prime factors of j.
2, 503
Let d(s) = -s**3 + 2*s**2 + 16*s + 2. Let z be d(5). Suppose z + 2 = 3*g. Suppose g*f = -3*k + 753, -k - 749 = f - 4*f. List the prime factors of f.
2, 5
Let o(a) = 84*a**2 - 28*a - 7. What are the prime factors of o(5)?
3, 7, 31
Let c = -536 + 1259. Suppose t = 3*s - 2122, -2*s - 5*t + 686 = -c. What are the prime factors of s?
7, 101
Let s(w) = -20*w - 16 + 0 - 12*w**2 + 11*w**2 + 14*w**2 - 11. List the prime factors of s(10).
29, 37
Suppose 128328 - 17401 = 26*b - 20607. List the prime factors of b.
5059
Suppose 2*b = -d + 149715, -171145 = -2*b + 3*d - 21418. What are the prime factors of b?
3, 24953
Let q(l) be the third derivative of l**5/60 + 3*l**4/8 + 271*l**3/3 + 22*l**2. What are the prime factors of q(0)?
2, 271
Let z(c) = c**3 - 7*c**2 + 9*c + 4. Let a be z(5). Let h be 6 - 4 - a/(2/224). Suppose -118*o + h*o + 376 = 0. List the prime factors of o.
2, 47
Let p be ((-420)/(-80))/(-2*(-3)/3728). Suppose p = -39*a + 46*a. List the prime factors of a.
2, 233
Suppose 2*w - o = o + 10, 4*w = 2*o + 10. Let b(d) = -d**2 + 34. Let j be b(w). Let m = j + -23. What are the prime factors of m?
11
Suppose -5*w + q + 268 = 0, w + 2*q - 62 = -2*q. Let f = -56 + w. List the prime factors of 11/(((-2)/7)/f).
7, 11
Let z(d) = 48*d**2 + 11*d + 148. What are the prime factors of z(-9)?
31, 127
Suppose 2*f + 5*j - 1022 = 28239, 0 = 2*f + 2*j - 29246. Suppose -3450 = 8*t - f. What are the prime factors of t?
2, 349
Suppose -4*w + 2*s + 3916 = 0, 2*w + 23*s - 1956 = 25*s. What are the prime factors of w?
2, 5, 7
Let t(a) = -a**3 - 13*a**2 + 22*a + 30. Let q be t(-15). Suppose 14*s - 186 - q = 0. List the prime factors of s.
2, 3
Let w(g) = g**3 + 5*g**2 - 2*g - 1. Let l be w(-5). Let x be 94/8 + l/36. Suppose 0 = -n - x + 87. List the prime factors of n.
3, 5
Let r = 155 - -6561. List the prime factors of r.
2, 23, 73
Let h(q) = q**3 - 85*q**2 - 36*q - 18. List the prime factors of h(86).
2, 2141
What are the prime factors of (42062/7)/(-2 + (-352)/(-154))?
21031
Let d(v) = 19*v - 6 + 6*v**2 - 4 + 0 - 7*v**2. Let u be d(19). Let f(w) = 3*w**2 + 22*w - 10. What are the prime factors of f(u)?
2, 5, 7
Let q = 52 + -50. Suppose -5*j + 1737 = -3*a, -q*j + 700 = -0*j + 4*a. What are the prime factors of j?
2, 3, 29
Suppose 56*w = 58*w - 70. Suppose 4*g + w = -3*j, 2*g - 5*g - 25 = j. Let p(c) = -3*c**2 - 32*c + 6. List the prime factors of p(g).
2, 5, 7
Let m = 61 + -61. Suppose 4*r + 2 - 2 = m. Suppose r = -t + 16 + 19. What are the prime factors of t?
5, 7
Let t = 60295 + -29532. List the prime factors of t.
30763
Let q(w) = -10*w - 116. Let v be q(-21). Let p = 41 + v. What are the prime factors of p?
3, 5
Let y(v) = -6*v**2 + 3*v + 3. Let w be y(3). Let t = 189 - w. List the prime factors of t.
3, 7, 11
Suppose -3635 - 5221 = -108*g. List the prime factors of g.
2, 41
Let n = -372 - -375. Suppose -3*g + 2377 = 3*b - 920, 2*b = n*g + 2178. What are the prime factors of b?
3, 5, 73
Suppose -5*r = 35, 2*x - 8*r - 25463 = -11*r. List the prime factors of x.
2, 23, 277
Suppose -k - 2*k = -6. Suppose 4*a = 5*t - 194, 2*a + 47 = a + 2*t. What are the prime factors of (k - a)/(-1 + 2)?
53
Let q(r) = 28*r**2 + 5*r + 6. Let j(b) = 16*b**2 - 2*b + 1. Let t be j(1). Suppose 0*i + 30 = -t*i. List the prime factors of q(i).
2, 3
Let r = -1054 + 3614. Suppose -2965 = -5*m + r. What are the prime factors of m?
5, 13, 17
What are the prime factors of -213 - -206 - -1*1*9093?
2, 7, 11, 59
Let w(g) be the third derivative of 5*g**4/8 + 23*g**3/6 + 9*g**2. Let p(z) = 4*z - 65. Let l be p(18). What are the prime factors of w(l)?
2
Let c(r) = 10*r**2 - 36*r + 10. Let y be c(10). Let z = y + 150. List the prime factors of z.
2, 5
Suppose -19571 = 10*l - 12*l - 3*s, -2*l = -5*s - 19627. List the prime factors of l.
2, 31, 79
Let g(j) = -j**3 - 7*j**2 + 8*j. Suppose -4*s - 15 = 17. Let x be g(s). Let h = 6 - x. List the prime factors of h.
2, 3
Let l(t) be the second derivative of -11*t**3/6 - 351*t**2/2 + t + 40. What are the prime factors of l(-48)?
3, 59
Let o(y) be the first derivative of 10*y**3/3 - y**2/2 - 57*y - 100. List the prime factors of o(9).
2, 3, 31
Suppose 0 = -3*o - 4*n + 134237, -5*o - 8*n + 223751 = -7*n. List the prime factors of o.
3, 7, 2131
Let h(c) = 4*c**3 - 2*c**2 + 5*c - 1. Let a = -127 + 129. What are the prime factors of h(a)?
3, 11
Suppose -43974 = -3*m + 3*x, 4*m - 5*x = 7*m - 43942. Suppose 23*b = 40*b - m. What are the prime factors of b?
2, 431
List the prime factors of (2320/6)/(-5)*((-183393)/(-42))/(-41).
2, 29, 71
Let n(b) = -b**3 - 28*b**2 + 74*b - 5. Let k = -185 - -154. What are the prime factors of n(k)?
2, 73
Let k(c) = -1492*c - 1509. List the prime factors of k(-18).
3, 7, 17, 71
Let f be 9/18 + (-26)/(-4). Let q(p) = 19*p - 24*p - 2*p**3 - 6 + 6*p**3 + f*p**2 - 3*p**3. What are the prime factors of q(-7)?
29
Let g be (-219 - 0) + -6 + 2. Let n = -34 - g. What are the prime factors of n?
3, 7
Let n(z) = -z**3 - 21*z**2 + 11*z + 5. Suppose -16 = d - 5*g, -5*d + 3*g - 6 = 96. Let i be n(d). Let w = -136 - i. List the prime factors of w.
2, 3, 5
Suppose 8*c - 20 - 28 = 0. Suppose c*g - g - 4*l + 166 = 0, 104 = -4*g - 4*l. Let s(r) = -4*r + 28. What are the prime factors of s(g)?
2, 37
Suppose -349 = 3*a - 97. Let l be (-9)/((5 - 119/24)*9). Let v = l - a. What are the prime factors of v?
2, 3, 5
Let v = -88 + 90. Let j(p) = 212 + 39 - 2*p**2 - v*p - 62 + p**3. What are the prime factors of j(0)?
3, 7
Suppose -4*n + 349 = n + 4*d, 275 = 4*n - d. Suppose -4*c = -5*r - n, c - 2*c - 2*r = -27. List the prime factors of 6/(-105)*-5 - (-2262)/c.
2, 3
Suppose -4*p + 2*s - 48 = -0*p, 0 = -5*p - 3*s - 82. Let d = p - -242. What are the prime factors of d?
2, 3, 19
Suppose 3*x + 6*z - 138 = z, -x = z - 46. Let q = 256 - 195. Let b = q - x. What are the prime factors of b?
3, 5
Suppose -5*a + 5*v + 